 + -3 + 3 + (0 - 3)?
-3
Evaluate 0 - -1 - (-2 + 0).
3
(13 - 4) + -4 - 3
2
2 - -4 - (14 + -9)
1
What is the value of (2 + -3 - 5) + 4 + 7?
5
Evaluate 2 + 7 - (29 + -24).
4
(8 - (6 - 2)) + 3
7
Evaluate 48 + -62 + 2 + (2 - 1).
-11
Evaluate (6 + -13 - -14) + -4.
3
(3 - (1 - -3) - 1) + 1
-1
Evaluate -8 + 10 + -2 + (-2 - -1).
-1
What is the value of -2 + (3 - (2 - 0))?
-1
What is the value of 3 + -10 + 4 + 5?
2
What is (1 + -7 - -8) + -1?
1
-2 - (5 - -1 - (6 + -1))
-3
(1 - 5) + 1 + -1
-4
Calculate (0 + -6 - 1) + 3.
-4
What is the value of -1 + 5 + (-8 - -3)?
-1
Calculate -1 + 6 + 0 - (-2 + 7).
0
What is (-3 - -10) + (0 - (3 + 0))?
4
Evaluate 1 + 1 + -11 + 9 + -1.
-1
Evaluate -4 + -6 + 2 - 2 - -4.
-6
(-4 - (-3 - -2)) + 8 - 5
0
Evaluate -3 + 3 - (-1 + 2).
-1
Calculate (-6 - (2 + -5)) + 2.
-1
6 + -12 + 5 - (0 - -1)
-2
Evaluate 1 + (1 - 3 - -1) + -2.
-2
5 + 1 + 2 + -12 + 5
1
-12 - -4 - -5 - -8
5
Calculate 0 - (0 + 6 + -5 + -5).
4
Evaluate -12 - ((8 - 5) + -10).
-5
Calculate -1 - (0 + (2 - -2)).
-5
Calculate -5 - -2 - (0 - 0).
-3
What is the value of 5 + 0 + -8 + 7 + -1?
3
-5 + 11 - (0 + 1 + 7)
-2
(4 - 1) + 8 + -7 + -1
3
What is -19 + (-3 - -12) - -3?
-7
What is 3 - 4 - (-3 + 1 + 2)?
-1
What is 5 + (0 + -4 - -7 - 6)?
2
Calculate 2 + (1 - 2) - 5.
-4
What is 0 + 11 - 3 - 3?
5
Calculate -10 - ((-3 - 6) + 7).
-8
Evaluate (-2 - 18) + 13 + 4.
-3
What is 2 - 0 - 0 - (-142 - -147)?
-3
(8 - 1) + -1 - 5
1
Evaluate 116 - 121 - (0 - (0 - -1)).
-4
-40 - -41 - (-6 - 1)
8
-11 - 4 - -5 - -10
0
What is the value of -1 - (4 - (-1 + 7))?
1
(-15 - (11 + -27)) + (1 - -2)
4
What is -6 - (-8 + (-12 - -5 - -7))?
2
Calculate -1 + (0 - (2 - (0 - 1))).
-4
3 - 1 - (-34 + 39)
-3
What is the value of (8 - 7) + (1 - 2)?
0
Evaluate 7 - (7 - (-3 - -1)).
-2
Evaluate 0 - (-1 - 2) - -1.
4
Evaluate 3 + -1 + 1 + -1 - 5.
-3
What is the value of 6 + -4 - (5 + 0 + -1)?
-2
What is (-4 - (4 + -13)) + 2 + 1?
8
What is the value of -7 + 17 - (3 - -7)?
0
0 - 10 - (5 - 12)
-3
What is the value of (6 - 9) + -1 + -1 + 1?
-4
(-2 - 0) + (-2 - -2 - 0)
-2
What is the value of (1 + -1 - -3) + -1 + 3?
5
What is the value of 2 + -1 + -1 + (3 - -1)?
4
(-7 - -10 - (-3 - 0)) + -9
-3
(-4 - (7 + -8)) + -1
-4
What is the value of -5 + (13 - 0) + -10?
-2
Calculate 2 + 0 + (-1 - 2).
-1
What is the value of -10 + (12 - 24) - -12?
-10
Calculate (-6 - (-5 + 7 - 5)) + -2.
-5
Calculate 4 + (3 - 4) - 5.
-2
4 + -4 + 2 + 2 + -4
0
What is (-1 - -2) + (-11 - -5)?
-5
What is the value of -5 + 13 - -10 - 9?
9
What is the value of 9 - 2 - 7 - -6?
6
6 + (5 - 13) + -3
-5
What is 4 - 0 - (2 - (-2 + 1))?
1
Evaluate -3 + (-1 - -5) + 4.
5
Evaluate -3 + 1 - (11 - 8) - -9.
4
What is 1 + -2 - (-5 + -5 + 5)?
4
Evaluate -4 - (-3 + (3 + -2 - 2)).
0
Evaluate -13 + (-10 - -19) - (-4 - 0).
0
What is the value of (-32 - -25) + 2 + 1?
-4
0 - (-5 + -1) - 2
4
Calculate -12 + 12 + (1 - -4) + -1.
4
What is the value of -2 + (-1 - 0) + -3 + 1?
-5
(3 - 1) + 1 + -2 + -6
-5
Calculate 83 + -86 - ((-3 - 1) + 0).
1
Evaluate (6 - 0) + 47 + -60.
-7
What is the value of (-1 - 0) + 16 + -20 + 10?
5
What is -16 - -17 - (7 + -1)?
-5
5 + 3 + -6 + -3
-1
Calculate 0 + -2 + (3 - (5 - 1)).
-3
What is the value of (0 - 3 - (5 + -8)) + 0?
0
What is the value of -12 + -9 + -9 + 23?
-7
What is the value of -6 - -4 - (-1 - 5 - -3)?
1
Calculate -9 + (9 - (4 - -2)).
-6
Calculate -2 + -3 - (-7 + 7).
-5
Evaluate 4 + (-9 - (-3 - -4 - 0)).
-6
What is -6 + (-2 - 3) + 8?
-3
Calculate 6 + 0 + -3 + (-24 - -26).
5
7 - (0 + (0 - -2) + 2)
3
(-2 - 0 - 4) + 13 + -13
-6
(-3 - -3) + (4 - 2)
2
What is (-16 - (1 + -10)) + 1 + 3?
-3
Calculate 1 - (-2 - -4) - (-7 - -15).
-9
What is -2 - -1 - (1 + -2)?
0
Calculate (-2 - (-2 - 3)) + 0.
3
What is the value of 14 + -17 + (1 - 5)?
-7
Calculate 0 + (2 + -3 - 3).
-4
What is the value of 3 - (9 - (0 + -1) - 2)?
-5
What is the value of -12 + (12 - 7) + 2 - 3?
-8
Evaluate 8 - 1 - (60 + -53).
0
Evaluate (11 - 0) + (-4 - (-10 - -11)).
6
What is -8 - (-3 - -7) - -4 - -4?
-4
What is 6 + -2 - (0 + 2 + 4)?
-2
Calculate 11 + 1 + -14 + 0 + 8.
6
Calculate (2 - 3) + 1 + -4.
-4
9 + (-13 - (4 + -7))
-1
What is the value of 2 - -1 - 7 - (-13 + 13)?
-4
(0 - 9) + (15 - 12)
-6
Calculate -7 + -1 - (21 - (39 - 10)).
0
Calculate -3 - (-1 + -3 + 4).
-3
Evaluate -5 - ((10 - 5) + -13).
3
Evaluate -8 + 12 + -15 + 11.
0
What is the value of -1 + 1 - (-5 + 2 + 1)?
2
Calculate -5 - -4 - ((-4 - -12) + -7).
-2
Evaluate (6 - (-4 + 1) - 2) + -2.
5
What is the value of (-3 + 9 - 6) + (-1 - -2)?
1
What is -11 - (-5 - (-2 + -7) - 7)?
-8
-4 + -2 + (9 - (-1 + -2))
6
Evaluate -10 - ((-2 - 2) + (2 - 3)).
-5
5 - 2 - -2 - 0
5
8 + -14 + (-3 - -8)
-1
What is the value of -7 - -9 - ((-2 - 1) + 1)?
4
What is the value of 3 - (2 - (-2 + 3))?
2
Evaluate 0 + -8 - ((-10 - -7) + -1).
-4
What is (-10 - -2) + -77 + 94?
9
What is -33 + 35 - (-3 + 9 - 3)?
-1
What is (4 - 4) + -12 + 22?
10
What is (-6 - (-9 - (-2 - 0))) + 2?
3
What is the value of 3 + 6 + -15 - -3?
-3
Evaluate -7 + 2 + 3 + -5.
-7
What is -7 + (1 - 0) + 0 + 3?
-3
What is the value of 5 + -4 - (-10 + 6)?
5
What is the value of -22 + 8 + 2 + 20?
8
What is the value of -34 - -32 - (5 + 0)?
-7
What is the value of 8 + 0 + -1 - (-123 + 127)?
3
What is (-7 - (-12 - -13)) + 1?
-7
Evaluate -2 + 11 + -1 - (3 + 1).
4
-3 - -17 - 3 - (19 + -13)
5
(-23 - -13) + 1 + 8
-1
-5 + (6 + -3 - 1 - -3)
0
6 + 0 + 15 + 4 + -19
6
0 - (3 + (-5 - -3) + 3)
-4
What is 2 - (-5 + (-2 - (-2 + -12)))?
-5
Calculate (-1 - -6) + (-12 - 5) - -6.
-6
(-2 - (0 - 1 - 0)) + -3
-4
Evaluate 1 + -1 - (12 - (20 - 14)).
-6
What is the value of -1 + -3 + 123 + -119?
0
What is 3 - (-7 + 7 - (2 - 0))?
5
What is the value of -3 + 3 + -6 + -7 + 7?
-6
Calculate 3 - (4 - 2) - (0 - -6).
-5
What is the value of (-1 - 3) + 6 - -1?
3
Evaluate -2 + -6 + (-7 - (3 - 17)).
-1
What is the value of 2 - (4 - (-3 - -8))?
3
12 + -15 + (2 - 6)
-7
Calculate 2 + 1 + 1 + (-2 - 1).
1
Calculate 21 - ((7 - -12) + -9).
11
-6 - ((2 - -4) + -8)
-4
(4 - 2) + 6 + -12
-4
What is the value of 4 - -2 - (11 - (1 - -4))?
0
What is 345 + -346 + (1 - 2) + -7?
-9
Evaluate -4 + 9 - (-1 - -6).
0
What is -2 - 3 - (-6 + 5 - -4)?
-8
9 + (17 - 26) + 2 + -1
1
Calculate -5 + (-2 - (-10 + -3)).
6
What is -18 - (-12 + 4) - -10?
0
What is the value of (-2 + -7 - -8) + (3 - 0)?
2
Evaluate 0 - (16 + -1 - (-18 - -26)).
-7
What is -1 + -1 - (-3 - (-16 - -10))?
-5
Calculate -2 - -15 - (-98 + 106).
5
-6 + -4 + 9 - (0 - 0)
-1
What is 60 + -57 + 0 + 2?
5
8 - (8 + 9 + -8)
-1
Evaluate -4 + (9 - 5 - -6).
6
Evaluate (-6 - -3 - (1 + 0)) + 3.
-1
-2 + (-2 + -2 - (-19 + 5))
8
Evaluate 0 - 6 - (-12 + -2 + 8).
0
Calculate 8 - 5 - 2 - 4.
-3
-4 - (-4 + (4 - -8)) - -8
-4
What is (3 - 8) + (0 - -1)?
-4
Evaluate -14 + -4 + 13 + 9.
4
What is 1 + -2 + (2 - 2) - 4?
-5
Evaluate -34 + 39 - (11 + 2) - -7.
-1
-6 + (1 - (4 + -4))
-5
What is the value of -7 + 1 + -3 + 5?
-4
What is (-8 - (-3 + -6)) + -7?
-6
Calculate 5 + (6 - (-1 + 14) - -2).
0
What is the value of (-9 - -6) + 8 + -4?
1
Calculate -9 - (0 + (-4 - -1)) - -2.
-4
Evaluate -2 - (-23 - (-10 - 2)).
9
What is the value of 8 - (-1 + 3) - (-19 - -22)?
3
What is 3 - (8 - 18 - -7)?
6
What is the value of -1 - (-3 + 1 - -3)?
-2
What is -7 + 10 - (-2 + 4 + -4)?
5
Evaluate 25 - 25 - (-2 - (-1 + -3)).
-2
What is the value of -4 + -1 + 12 + -11?
-4
What is the value of (7 - 4) + -3 + -6?
-6
What is 5 - (-2 + 15 + -5)?
-3
Calculate -3 + 4 + (-2 - -1) + 3.
3
4 + (6 + -3 - 7) + 2
2
Calculate 7 + (6 - (2 - -9)).
2
Calculate (0 + 0 - -1) + 5.
6
Evaluate -2 + -1 + -3 + 7.
1
(4 + -7 - -1) + -1 + 4
1
Calculate (-6 + 3 - -6) + 0.
3
-6 + (12 - (4 + (4 - 4)))
2
Evaluate 0 + (2 - 2) - 5.
-5
21 + -19 - (-6 - -4)
4
What is the value of 2 - ((1 - (0 - 0)) + 0)?
1
3 - (-6 - (-1 - 5))
3
Calculate -4 + (5 - (7 - (-1 - -2))).
-5
What is the value of -3 + 6 + 5 + -6?
2
What is (-1 + -3 - (-2 - 1)) + -4?
-5
Calculate 0 + (-11 - (-9 - 5)).
3
14 - (-4 + 2 + 12)
4
What is the value of (8 - (-4 - -7)) + -2 + -7?
-4
Evaluate -18 + 7 - -4 - -2.
-5
What is the value of (-7 - -20) + -20 + 11?
4
Calculate -1 - (5 - -7 - 5 - 8).
0
What is the value of 9 + -7 + (2 + -4 - 5)?
-5
Evaluate 2 - 1 - (-64 - -60).
5
What is the value of (0 - 17) + 1 - (-62 + 55)?
-9
What is the value of -4 - ((3 - 2) + -4) - 4?
-5
What is the value of -2 + 1 + -1 + (-